{"id":217,"date":"2022-03-24T10:57:56","date_gmt":"2022-03-24T09:57:56","guid":{"rendered":"http:\/\/mairie-mauvezinsurgupie.com\/?page_id=217"},"modified":"2025-02-14T16:54:19","modified_gmt":"2025-02-14T15:54:19","slug":"p-l-u","status":"publish","type":"page","link":"https:\/\/mairie-mauvezinsurgupie.com\/?page_id=217","title":{"rendered":"P.L.U (plan local d&rsquo;urbanisme)"},"content":{"rendered":"\n<p>Vous pouvez d\u00e9poser vos demandes (d\u00e9claration pr\u00e9alable, permis de construire, certificat d&rsquo;urbanisme, etc) directement en ligne depuis le site internet officiel de Val de Garonne Agglom\u00e9ration; onglet \u00ab\u00a0Mon quotidien\u00a0\u00bb puis \u00ab\u00a0Habitat\u00a0\u00bb et \u00ab\u00a0Je d\u00e9clare mes travaux\u00a0\u00bb ou d\u00e9poser vos dossiers \u00e0 la mairie (un exemplaire de cerfa et de plans suffisent d\u00e9sormais).<\/p>\n\n\n\n<p>Pour un plan de qualit\u00e9 optimale, n&rsquo;h\u00e9sitez pas \u00e0 demander en mairie, soit par mail (communedemauvezin.47@wanadoo.fr) soit en passant aux heures d&rsquo;ouverture.<\/p>\n\n\n\n<p>Vous trouverez ci-dessous les diff\u00e9rents cerfas \u00e0 utiliser pour vos demandes (cerfas \u00e9galement disponibles sur le site D\u00e9marches et outils Service-Public.fr).<\/p>\n\n\n\n<p><strong>Page actualis\u00e9e le 14.02.2025<\/strong><\/p>\n\n\n\n<figure class=\"wp-block-image size-large\"><img decoding=\"async\" loading=\"lazy\" width=\"1024\" height=\"662\" src=\"https:\/\/mairie-mauvezinsurgupie.com\/wp-content\/uploads\/2022\/03\/reglement-graphique-1-1024x662.jpg\" alt=\"\" class=\"wp-image-246\" srcset=\"https:\/\/mairie-mauvezinsurgupie.com\/wp-content\/uploads\/2022\/03\/reglement-graphique-1-1024x662.jpg 1024w, https:\/\/mairie-mauvezinsurgupie.com\/wp-content\/uploads\/2022\/03\/reglement-graphique-1-300x194.jpg 300w, https:\/\/mairie-mauvezinsurgupie.com\/wp-content\/uploads\/2022\/03\/reglement-graphique-1-768x497.jpg 768w, https:\/\/mairie-mauvezinsurgupie.com\/wp-content\/uploads\/2022\/03\/reglement-graphique-1-1536x994.jpg 1536w, https:\/\/mairie-mauvezinsurgupie.com\/wp-content\/uploads\/2022\/03\/reglement-graphique-1-2048x1325.jpg 2048w, https:\/\/mairie-mauvezinsurgupie.com\/wp-content\/uploads\/2022\/03\/reglement-graphique-1-850x550.jpg 850w\" sizes=\"(max-width: 1024px) 100vw, 1024px\" \/><\/figure>\n\n\n\n<div class=\"wp-block-file\"><object class=\"wp-block-file__embed\" data=\"https:\/\/mairie-mauvezinsurgupie.com\/wp-content\/uploads\/2022\/03\/legende-du-PLU.pdf\" type=\"application\/pdf\" style=\"width:100%;height:360px\" aria-label=\"Embed of legende-du-PLU.\"><\/object><a id=\"wp-block-file--media-622eed27-816e-47f3-8242-1d43d8570631\" href=\"https:\/\/mairie-mauvezinsurgupie.com\/wp-content\/uploads\/2022\/03\/legende-du-PLU.pdf\">legende-du-PLU<\/a><a href=\"https:\/\/mairie-mauvezinsurgupie.com\/wp-content\/uploads\/2022\/03\/legende-du-PLU.pdf\" class=\"wp-block-file__button wp-element-button\" download aria-describedby=\"wp-block-file--media-622eed27-816e-47f3-8242-1d43d8570631\">Download<\/a><\/div>\n\n\n\n<div class=\"wp-block-file\"><object class=\"wp-block-file__embed\" data=\"https:\/\/mairie-mauvezinsurgupie.com\/wp-content\/uploads\/2022\/03\/REGLEMENT-ECRIT.pdf\" type=\"application\/pdf\" style=\"width:100%;height:1150px\" aria-label=\"Embed of REGLEMENT-ECRIT.\"><\/object><a id=\"wp-block-file--media-9b12530a-ca38-46db-995c-c11447979993\" href=\"https:\/\/mairie-mauvezinsurgupie.com\/wp-content\/uploads\/2022\/03\/REGLEMENT-ECRIT.pdf\">REGLEMENT-ECRIT<\/a><a href=\"https:\/\/mairie-mauvezinsurgupie.com\/wp-content\/uploads\/2022\/03\/REGLEMENT-ECRIT.pdf\" class=\"wp-block-file__button wp-element-button\" download aria-describedby=\"wp-block-file--media-9b12530a-ca38-46db-995c-c11447979993\">Download<\/a><\/div>\n\n\n\n<div class=\"wp-block-file\"><object class=\"wp-block-file__embed\" data=\"https:\/\/mairie-mauvezinsurgupie.com\/wp-content\/uploads\/2025\/02\/cerfa_DP-simple.pdf\" type=\"application\/pdf\" style=\"width:100%;height:600px\" aria-label=\"Embed of cerfa_DP-simple.\"><\/object><a id=\"wp-block-file--media-0b3e97dc-28f6-4cb2-824a-3f346426e1e7\" href=\"https:\/\/mairie-mauvezinsurgupie.com\/wp-content\/uploads\/2025\/02\/cerfa_DP-simple.pdf\">cerfa_DP-simple<\/a><a href=\"https:\/\/mairie-mauvezinsurgupie.com\/wp-content\/uploads\/2025\/02\/cerfa_DP-simple.pdf\" class=\"wp-block-file__button wp-element-button\" download aria-describedby=\"wp-block-file--media-0b3e97dc-28f6-4cb2-824a-3f346426e1e7\">Download<\/a><\/div>\n\n\n\n<div class=\"wp-block-file\"><object class=\"wp-block-file__embed\" data=\"https:\/\/mairie-mauvezinsurgupie.com\/wp-content\/uploads\/2025\/02\/cerfa_PCMI-simple-1.pdf\" type=\"application\/pdf\" style=\"width:100%;height:600px\" aria-label=\"Embed of cerfa_PCMI-simple-1.\"><\/object><a id=\"wp-block-file--media-550d8e33-bc1a-4b39-acad-ea8221b1c3bd\" href=\"https:\/\/mairie-mauvezinsurgupie.com\/wp-content\/uploads\/2025\/02\/cerfa_PCMI-simple-1.pdf\">cerfa_PCMI-simple-1<\/a><a href=\"https:\/\/mairie-mauvezinsurgupie.com\/wp-content\/uploads\/2025\/02\/cerfa_PCMI-simple-1.pdf\" class=\"wp-block-file__button wp-element-button\" download aria-describedby=\"wp-block-file--media-550d8e33-bc1a-4b39-acad-ea8221b1c3bd\">Download<\/a><\/div>\n\n\n\n<div class=\"wp-block-file\"><object class=\"wp-block-file__embed\" data=\"https:\/\/mairie-mauvezinsurgupie.com\/wp-content\/uploads\/2025\/02\/cerfa_PC-simple.pdf\" type=\"application\/pdf\" style=\"width:100%;height:600px\" aria-label=\"Embed of cerfa_PC-simple.\"><\/object><a id=\"wp-block-file--media-b7986f41-08e9-4a6a-b3da-e729dd997e96\" href=\"https:\/\/mairie-mauvezinsurgupie.com\/wp-content\/uploads\/2025\/02\/cerfa_PC-simple.pdf\">cerfa_PC-simple<\/a><a href=\"https:\/\/mairie-mauvezinsurgupie.com\/wp-content\/uploads\/2025\/02\/cerfa_PC-simple.pdf\" class=\"wp-block-file__button wp-element-button\" download aria-describedby=\"wp-block-file--media-b7986f41-08e9-4a6a-b3da-e729dd997e96\">Download<\/a><\/div>\n\n\n\n<div class=\"wp-block-file\"><object class=\"wp-block-file__embed\" data=\"https:\/\/mairie-mauvezinsurgupie.com\/wp-content\/uploads\/2025\/02\/cerfa_PC-modif-ou-regul.pdf\" type=\"application\/pdf\" style=\"width:100%;height:600px\" aria-label=\"Embed of cerfa_PC-modif-ou-regul.\"><\/object><a id=\"wp-block-file--media-2cfce92d-52fa-478b-a89c-037a1e1dbba0\" href=\"https:\/\/mairie-mauvezinsurgupie.com\/wp-content\/uploads\/2025\/02\/cerfa_PC-modif-ou-regul.pdf\">cerfa_PC-modif-ou-regul<\/a><a href=\"https:\/\/mairie-mauvezinsurgupie.com\/wp-content\/uploads\/2025\/02\/cerfa_PC-modif-ou-regul.pdf\" class=\"wp-block-file__button wp-element-button\" download aria-describedby=\"wp-block-file--media-2cfce92d-52fa-478b-a89c-037a1e1dbba0\">Download<\/a><\/div>\n\n\n\n<div class=\"wp-block-file\"><object class=\"wp-block-file__embed\" data=\"https:\/\/mairie-mauvezinsurgupie.com\/wp-content\/uploads\/2025\/02\/cerfa_13410-12.pdf\" type=\"application\/pdf\" style=\"width:100%;height:600px\" aria-label=\"Embed of cerfa_13410-12.\"><\/object><a id=\"wp-block-file--media-55d9fcb3-8c0f-4122-90b4-c4aa1da7be59\" href=\"https:\/\/mairie-mauvezinsurgupie.com\/wp-content\/uploads\/2025\/02\/cerfa_13410-12.pdf\">cerfa_13410-12<\/a><a href=\"https:\/\/mairie-mauvezinsurgupie.com\/wp-content\/uploads\/2025\/02\/cerfa_13410-12.pdf\" class=\"wp-block-file__button wp-element-button\" download aria-describedby=\"wp-block-file--media-55d9fcb3-8c0f-4122-90b4-c4aa1da7be59\">Download<\/a><\/div>\n","protected":false},"excerpt":{"rendered":"<p>Vous pouvez d\u00e9poser vos demandes (d\u00e9claration pr\u00e9alable, permis de construire, certificat d&rsquo;urbanisme, etc) directement en ligne depuis le site internet officiel de Val de Garonne Agglom\u00e9ration; onglet \u00ab\u00a0Mon quotidien\u00a0\u00bb puis \u00ab\u00a0Habitat\u00a0\u00bb et \u00ab\u00a0Je d\u00e9clare mes travaux\u00a0\u00bb ou d\u00e9poser vos dossiers \u00e0 la mairie (un exemplaire de cerfa et de plans suffisent d\u00e9sormais). Pour un plan&#8230;<\/p>\n","protected":false},"author":1,"featured_media":0,"parent":0,"menu_order":0,"comment_status":"closed","ping_status":"closed","template":"","meta":[],"_links":{"self":[{"href":"https:\/\/mairie-mauvezinsurgupie.com\/index.php?rest_route=\/wp\/v2\/pages\/217"}],"collection":[{"href":"https:\/\/mairie-mauvezinsurgupie.com\/index.php?rest_route=\/wp\/v2\/pages"}],"about":[{"href":"https:\/\/mairie-mauvezinsurgupie.com\/index.php?rest_route=\/wp\/v2\/types\/page"}],"author":[{"embeddable":true,"href":"https:\/\/mairie-mauvezinsurgupie.com\/index.php?rest_route=\/wp\/v2\/users\/1"}],"replies":[{"embeddable":true,"href":"https:\/\/mairie-mauvezinsurgupie.com\/index.php?rest_route=%2Fwp%2Fv2%2Fcomments&post=217"}],"version-history":[{"count":12,"href":"https:\/\/mairie-mauvezinsurgupie.com\/index.php?rest_route=\/wp\/v2\/pages\/217\/revisions"}],"predecessor-version":[{"id":1231,"href":"https:\/\/mairie-mauvezinsurgupie.com\/index.php?rest_route=\/wp\/v2\/pages\/217\/revisions\/1231"}],"wp:attachment":[{"href":"https:\/\/mairie-mauvezinsurgupie.com\/index.php?rest_route=%2Fwp%2Fv2%2Fmedia&parent=217"}],"curies":[{"name":"wp","href":"https:\/\/api.w.org\/{rel}","templated":true}]}}